umber?
False
Is 28349 composite?
False
Is 6382 prime?
False
Is 250343 composite?
False
Is 300733 a composite number?
False
Is 928979 a prime number?
True
Is 41253 composite?
True
Is 8059 a composite number?
False
Is 26759 a prime number?
True
Is 29717 a prime number?
True
Is 921 a prime number?
False
Is 17777 composite?
True
Is 13799 a prime number?
True
Is 292097 prime?
False
Is 32839 a prime number?
True
Is 107743 prime?
False
Is 2819 a composite number?
False
Is 1534051 a prime number?
True
Is 7247 a composite number?
False
Is 61405 composite?
True
Is 132589 a composite number?
False
Is 9337 prime?
True
Is 9467 composite?
False
Is 1279259 a prime number?
False
Is 3089 a composite number?
False
Is 234673 a composite number?
False
Is 295721 a prime number?
False
Is 28759 a prime number?
True
Is 13009 a prime number?
True
Is 32099 a prime number?
True
Is 2743 a prime number?
False
Is 804571 a composite number?
False
Is 25682 prime?
False
Is 1337207 a prime number?
False
Is 204641 a composite number?
False
Is 45817 prime?
True
Is 36535 prime?
False
Is 21557 prime?
True
Is 6229 a composite number?
False
Is 3347 a prime number?
True
Is 5585 prime?
False
Is 81053 composite?
True
Is 2161 a composite number?
False
Is 245578 a prime number?
False
Is 31258 composite?
True
Is 70769 prime?
True
Is 23623 prime?
True
Is 89459 a composite number?
False
Is 17291 a prime number?
True
Is 23971 a composite number?
False
Is 2047 a prime number?
False
Is 8999 prime?
True
Is 446345 prime?
False
Is 87083 a composite number?
False
Is 3847 composite?
False
Is 3107 prime?
False
Is 44629 a prime number?
False
Is 745517 prime?
True
Is 189941 a composite number?
True
Is 78427 a prime number?
True
Is 6631 composite?
True
Is 3728801 a prime number?
False
Is 296797 a prime number?
True
Is 8051 prime?
False
Is 4861 a composite number?
False
Is 3466 a prime number?
False
Is 99757 prime?
False
Is 1889 composite?
False
Is 1579 prime?
True
Is 1028801 a composite number?
True
Is 151783 a prime number?
True
Is 795137 prime?
False
Is 49339 composite?
False
Is 12227 a composite number?
False
Is 1243 composite?
True
Is 36599 composite?
False
Is 1709 a composite number?
False
Is 183497 a prime number?
True
Is 1272067 composite?
False
Is 15013 prime?
True
Is 5897 composite?
False
Is 20921 prime?
True
Is 36061 a prime number?
True
Is 27569 prime?
False
Is 45377 prime?
True
Is 471173 a composite number?
False
Is 190871 prime?
True
Is 2153671 a prime number?
False
Is 7861 composite?
True
Is 2761 a composite number?
True
Is 16921 a prime number?
True
Is 2467235 a composite number?
True
Is 88427 prime?
True
Is 5280773 prime?
True
Is 2609 a composite number?
False
Is 23849 composite?
True
Is 2402 a prime number?
False
Is 9491 composite?
False
Is 230459 prime?
False
Is 2231449 a composite number?
True
Is 209903 prime?
False
Is 3571 composite?
False
Is 63961 a prime number?
False
Is 118831 a prime number?
True
Is 110389 a prime number?
False
Is 6739 prime?
False
Is 10836307 prime?
True
Is 5077 a composite number?
False
Is 603487 a prime number?
True
Is 78493 a composite number?
True
Is 24693 composite?
True
Is 581 prime?
False
Is 15757 prime?
False
Is 162989 a composite number?
False
Is 2459 a composite number?
False
Is 36845 a prime number?
False
Is 31469 prime?
True
Is 110119 a composite number?
False
Is 12433 prime?
True
Is 86531 a composite number?
False
Is 35887 prime?
False
Is 1318907 composite?
True
Is 34457 composite?
False
Is 200769 prime?
False
Is 42031 a composite number?
True
Is 1341089 a prime number?
True
Is 363367 prime?
True
Is 21741 composite?
True
Is 1979711 composite?
True
Is 28343 a composite number?
True
Is 196967 composite?
True
Is 40589 a composite number?
True
Is 567497 a composite number?
True
Is 403669 composite?
True
Is 697 composite?
True
Is 1661087 composite?
True
Is 157345 prime?
False
Is 2413 composite?
True
Is 4507 prime?
True
Is 49823 composite?
False
Is 11582 prime?
False
Is 48281 composite?
False
Is 25709 a composite number?
True
Is 21209 a prime number?
False
Is 56081 a composite number?
False
Is 11463 composite?
True
Is 454297 prime?
True
Is 2062 a prime number?
False
Is 441221 composite?
True
Is 996539 composite?
False
Is 21923 a composite number?
True
Is 11983 prime?
False
Is 289717 a prime number?
True
Is 54251 a prime number?
True
Is 6653 a composite number?
False
Is 50411 prime?
True
Is 11389 a prime number?
False
Is 1027 composite?
True
Is 1114 a composite number?
True
Is 239021 composite?
True
Is 396197 a prime number?
True
Is 1683247 composite?
True
Is 326501 prime?
False
Is 9561 a composite number?
True
Is 29687 composite?
True
Is 929095 prime?
False
Is 27733 prime?
True
Is 13549 composite?
True
Is 5755 a composite number?
True
Is 3389 prime?
True
Is 19015 a composite number?
True
Is 61591 a prime number?
False
Is 839 composite?
False
Is 241511 prime?
True
Is 20635 prime?
False
Is 25691 composite?
True
Is 43261 a prime number?
True
Is 333581 a composite number?
False
Is 158602 a prime number?
False
Is 11027 a composite number?
False
Is 204557 a composite number?
False
Is 2157493 prime?
False
Is 26831 prime?
False
Is 64057 composite?
True
Is 458449 composite?
False
Is 9413 a composite number?
False
Is 1094 prime?
False
Is 2217 a prime number?
False
Is 398711 prime?
True
Is 92627 a prime number?
True
Is 187591 a composite number?
True
Is 5099 prime?
True
Is 30869 a prime number?
True
Is 673 prime?
True
Is 7819 composite?
True
Is 61003 composite?
True
Is 13019 prime?
False
Is 825973 composite?
True
Is 25693 prime?
True
Is 147277 a prime number?
False
Is 69203 prime?
True
Is 1433981 a composite number?
True
Is 2669 a prime number?
False
Is 111949 a prime number?
True
Is 72538 a composite number?
True
Is 97231 a prime number?
True
Is 43003 composite?
False
Is 712409 composite?
False
Is 13997 a prime number?
True
Is 223907 a composite number?
True
Is 129047 prime?
False
Is 42587 prime?
False
Is 2939 a prime number?
True
Is 34949 a composite number?
False
Is 24523 a prime number?
False
Is 60007 a composite number?
True
Is 40402 a prime number?
False
Is 306301 a composite number?
False
Is 18383 a prime number?
False
Is 1037965 prime?
False
Is 2987911 prime?
True
Is 198461 composite?
False
Is 87179 a prime number?
True
Is 20477 composite?
False
Is 3946 prime?
False
Is 17351 a prime number?
True
Is 172619 a composite number?
False
Is 2413 composite?
True
Is 33247 prime?
True
Is 9883 composite?
False
Is 6273847 a composite number?
False
Is 479299 prime?
True
Is 258869 composite?
True
Is 59333 composite?
False
Is 263 a composite number?
False
Is 123693 composite?
True
Is 101323 a prime number?
True
Is 3233 prime?
False
Is 2882041 prime?
False
Is 208837 composite?
False
Is 502027 composite?
True
Is 22171 composite?
False
Is 26957 prime?
False
Is 2669 composite?
True
Is 155189 prime?
False
Is 321007 composite?
False
Is 244907 composite?
True
Is 788351 a composite number?
False
Is 9811 a composite number?
False
Is 25057 composite?
False
Is 12571 a prime number?
False
Is 568787 a composite number?
False
Is 358507 composite?
True
Is 21419 prime?
True
Is 3989 a composite number?
False
Is 418157 a composite number?
False
Is 24281 composite?
False
Is 125141 composite?
False
Is 550331 a prime number?
False
Is 2179 a prime number?
True
Is 33137 a composite number?
True
Is 105613 a prime number?
True
Is 482593 a composite number?
False
Is 76017 composite?
True
Is 103579 prime?
False
Is 1151 a composite number?
False
Is 83689 a prime number?
True
Is 4384469 a prime number?
True
Is 47897 prime?
False
Is 6007 prime?
True
Is 253034 a composite number?
True
Is 238213 prime?
True
Is 21363 composite?
True
Is 43547 a composite number?
True
Is 110065 a composite number?
True
Is 10711 a prime number?
True
Is 358249 prime?
False
Is 47381 a composite number?
False
Is 24499 composite?
False
Is 199151 prime?
True
Is 114659 prime?
True
Is 26927 prime?
True
Is 231529 prime?
True
Is 64849 composite?
False
Is 2623945 a prime number?
False
Is 3301639 a composite number?
True
Is 244817 a composite number?
True
Is 4157159 a prime number?
True
Is 13991 prime?
False
Is 351427 a prime number?
True
Is 5697115 a composite number?
True
Is 85571 a prime number?
True
Is 171991 composite?
True
